s divided by u?
16
Let r(q) = -5*q - 2. Let s be r(-1). Suppose -6*x + s*x + 18 = 0. What is the remainder when 21 is divided by x?
3
Suppose 5*r = r - 16. Suppose 3*i - 6*j = -2*j + 29, -5*i + 3*j + 30 = 0. Let m = i - r. What is the remainder when m is divided by 3?
1
Let f = 7 + -5. Calculate the remainder when 40 is divided by (14/(-2))/((-1)/f).
12
Let v(f) = -f**2 - 3*f + 4. Let c be v(-4). Suppose 6*g - 2*g = 0. Calculate the remainder when 26 is divided by (14 - g) + c/1.
12
Let k = -3 + 6. Suppose -2*b - k = -25. Calculate the remainder when 21 is divided by b.
10
Let n be (-262)/14 + 4/(-14). Calculate the remainder when (7 + n)/((-2)/3) is divided by 11.
7
Let h(c) = -c**2 - 5*c. Let t be h(-5). Let s = t - -3. Suppose -s*m + 2*o + 19 = 0, 3*m - 2*o = 2*o + 29. Calculate the remainder when 5 is divided by m.
2
Let h = 6 + 4. Let a(p) = -p**3 - 3*p**2 + 4*p - 2. What is the remainder when a(-5) is divided by h?
8
Suppose c = l + 2*c - 2, -5*c = -l + 14. Suppose -3*r = -2 + 8. Let o = r + l. What is the remainder when 4 is divided by o?
0
Let s = -7 + 13. What is the remainder when s/(-27) - 94/(-18) is divided by 2?
1
Suppose 0 = h - t - 247, -3*t - 12 + 0 = 0. Suppose h + 97 = 4*b. What is the remainder when b is divided by 29?
27
Suppose 51 = 2*k + 11. What is the remainder when 76 is divided by k?
16
Suppose 0 = -5*r + 86 + 134. Suppose -3*b + r = b. Let m = b - 7. What is the remainder when 10 is divided by m?
2
Let z(m) = m**2 + m + 1. Let r be z(-2). Suppose 5*t - 12 = r*t - 3*a, 0 = -t + a + 16. What is the remainder when 23 is divided by t?
11
Let k be (-4)/12 - (-14)/6. Suppose 18 = -k*a + a. What is the remainder when ((-120)/a)/((-1)/(-3)) is divided by 11?
9
Suppose -2*t + b - 1 = -13, -2*b + 8 = 0. Suppose -t + 2 = -3*n. Suppose 3*v - 34 = -3*y + 2, -y = -4*v - n. What is the remainder when 29 is divided by y?
9
Let w = -23 + 33. What is the remainder when w is divided by 6?
4
Let f = 11 - 6. Let o = f - 1. What is the remainder when 20/3 - 2/(-6) is divided by o?
3
Suppose -5*t + 6*t = -3*y + 11, 0 = -3*t - y + 49. What is the remainder when t is divided by 9?
8
Let k = 25 - 17. Suppose 0 = -3*v - v + k. Calculate the remainder when 8 is divided by v.
0
Let z(v) = -17*v - 16. Calculate the remainder when z(-2) is divided by 4.
2
Suppose 0*w = w + 8. Let o = -5 - w. Suppose -3 - o = -g. What is the remainder when 10 is divided by g?
4
Suppose -3*w + c + 731 = 0, 2*w + 7*c - 4*c - 480 = 0. Suppose 2*q + 63 = w. What is the remainder when q is divided by 31?
28
Let b = -7 + 18. What is the remainder when 43 is divided by b?
10
Let z = -2 + 4. Calculate the remainder when 9 is divided by z.
1
Let h be (7/(-4))/((-4)/16). Suppose 2*v + h - 35 = 0. What is the remainder when 27 is divided by v?
13
Suppose -v + 3*m = -53, -2*v = -2*m - 2*m - 100. Let a(n) = -n**2 - 3*n - 7. Let s be a(-6). Let l = s - -40. Calculate the remainder when v is divided by l.
14
Let c(o) = o**3 - 3*o**2 - 2*o - 3. Let h be 3/(-9)*1*-12. Let r be c(h). Suppose -50 + 0 = -r*t. Calculate the remainder when 18 is divided by t.
8
What is the remainder when 6 is divided by 9 + -1 - 5 - 2?
0
Let h be 33/7 + 4/14. Suppose 2*u + 16 = -5*v, h*v + 18 = 3*u + 2*v. Calculate the remainder when 4 is divided by u.
0
Let f(b) = 8*b + 2. Let x be f(-2). Let u = x - -25. What is the remainder when u is divided by 6?
5
Let p = -6 + 11. Suppose 9 + 52 = p*i - c, 14 = i - 2*c. Suppose -n + 5*h = -4*n + 41, 5*h = 5*n - 15. Calculate the remainder when i is divided by n.
5
Let x(r) = -9*r - 3*r**2 + 9 - 4*r**2 + 0 + r**3. Let i be x(8). Suppose v + p = 7, -2*v + p = v - i. Calculate the remainder when v is divided by 2.
0
Let k(w) = w**2 - 5. Let j be (-2)/3 - 8/(-3). Suppose 0 = f - j*f + 15. Calculate the remainder when k(7) is divided by f.
14
Let y(a) = a**2 - 6*a + 6. Let v(d) = 2*d**2 + 3*d + 3 - 9*d + 0. What is the remainder when v(4) is divided by y(6)?
5
Let b = -4 + 10. Let o(a) = 3*a - b - 3*a + a - 3*a. Calculate the remainder when 3 is divided by o(-4).
1
Suppose 0 = -5*b + 4*v + 112, 2*b = 6*b + 2*v - 74. Calculate the remainder when 38 is divided by b.
18
Let f = 17 + -8. What is the remainder when 5 is divided by -1 - 1/((-3)/f)?
1
Let z = -7 + 15. Suppose 0 = -2*o + 5*o. Suppose 3*f - 4*h - 39 = o, 3*h = -5*f - 0*h + 65. What is the remainder when f is divided by z?
5
Let x(o) = -o**3 + 7*o**2 - 2*o + 10. Let k(b) = -b**3 + 8*b**2 + 7. Let y be k(8). Let w be x(y). What is the remainder when 46 is divided by 2/w*-34 + -1?
14
Let w be (15/(-6) - -2)*6. Let b = -2 + -2. Let g = w - b. What is the remainder when g is divided by 1?
0
Let f = -19 + 18. Let c = f - -26. What is the remainder when c is divided by 9?
7
Suppose 14 = 5*h + 3*c - 16, 3*h + c = 14. Calculate the remainder when h is divided by 2.
1
Let v(p) = p**2 - 4*p + 131. What is the remainder when v(0) is divided by 19?
17
Let z = -98 - -67. Let o = z + 57. Calculate the remainder when o is divided by 7.
5
Let v = -23 - -27. Suppose -v*s - 4*k = 8, 0 = s + 3*k + 4 + 8. Calculate the remainder when 7 is divided by s.
1
Suppose -2*s = -6 - 2. Suppose h - 7 = k, k + 2*k - 3 = -h. Calculate the remainder when s/(-6)*(-189)/h is divided by 8.
5
Suppose 15*z - 1571 = 199. Calculate the remainder when z is divided by 12.
10
Let z be 3*1 + -1 + -24. Let w = z - -32. Suppose 5*u - 155 = 3*l - 8*l, -4*u - 2*l + 116 = 0. What is the remainder when u is divided by w?
7
Let d(g) = g - 423. Let m be d(0). Calculate the remainder when 1/(3*(-3)/m) is divided by 12.
11
Suppose 2*o + 5*w - 56 + 13 = 0, 54 = o - 4*w. Suppose -2*p + o = 3*l, -15 = -2*l - 3*l + 5*p. What is the remainder when l is divided by 3?
2
Suppose -6*m + 5*v + 115 = -3*m, -3*m + 2*v + 109 = 0. Suppose -2*y + m = 3*y. What is the remainder when 20 is divided by y?
6
Let z be (-6)/(-21) + (-718)/14. Let q = z - -100. Calculate the remainder when q is divided by 17.
15
Let j(p) = -p**2 - 15*p - 13. Calculate the remainder when 47 is divided by j(-13).
8
Let y(x) = -x**3 - 4*x**2 + 5*x + 5. Let h be y(-5). Suppose -4*b - 13 + h = 0, b + 5 = j. What is the remainder when 6 is divided by j?
0
Let q(c) = -c**3 + c**2 + c + 3. Let n(z) = z**2 - 7*z + 3. Let u be n(7). Let w be q(u). What is the remainder when 11 is divided by (0 - 0) + (-6 - w)?
5
Suppose 3*a - 5 = 4. Suppose 0*o - 292 = -4*o. What is the remainder when o is divided by 1*((-228)/(-4))/a?
16
Suppose 2*z + 39 = 4*m - 151, 5*z = 15. Calculate the remainder when m is divided by 25.
24
Suppose -4*q + 59 - 1 = 2*r, 5 = 5*q. What is the remainder when 52 is divided by r?
25
Let l(g) = -7*g**3 - g**2 - g + 1. What is the remainder when 47 is divided by l(-1)?
7
Let x = -11 - -16. Let r = 2 - x. What is the remainder when (r/(-2))/(4/88) is divided by 17?
16
Suppose -4*s - 97 = -5*x, 0 = -x - 2*s + 7*s + 32. Calculate the remainder when x is divided by 11.
6
Suppose -29 - 99 = -4*a. Suppose 0 = -8*m - 32 + 168. Calculate the remainder when a is divided by m.
15
Suppose -6*c = -3*c + 4*u - 58, -60 = -4*c - u. Suppose 0 = -0*p - p + c. What is the remainder when 41 is divided by p?
13
Let o(h) = -12*h**2 - 2*h - 1. Let r be o(-1). Let p(w) = w**3 + 12*w**2 + 10*w - 7. Calculate the remainder when p(r) is divided by 3.
1
Suppose -15*c + 18*c = 18. Calculate the remainder when 19 is divided by c.
1
Let b = -25 - -83. What is the remainder when b is divided by 10?
8
Suppose -f + 10 = 4. Suppose j = f*j - 200. What is the remainder when j is divided by 14?
12
Let w(t) = -2 + 35*t + 2 - 1. Let n be w(2). Calculate the remainder when 3/(-12) - n/(-4) is divided by 6.
5
Let l = 31 + 26. What is the remainder when l is divided by 30?
27
Let u = -7 - -77. Suppose 0*a + 4*a + u = 5*l, 4*l = 4*a + 60. Calculate the remainder when 151/4 - 6/8 is divided by l.
7
Let j(s) = -s**3 + 6*s**2 - 2*s. Let p(n) = -n**3 - n + 1. Let u(d) = j(d) - 2*p(d). Calculate the remainder when u(-3) is divided by 9.
7
Let o(r) = 7*r**3 + r**2 - 3*r + 2. Let s be o(2). Suppose -18 = -2*c - 3*u + u, 4*c - u - s = 0. What is the remainder when c is divided by 7?
6
Suppose 6*w = 5*w + 7. What is the remainder when w is divided by 1?
0
Let p = -2 + 9. What is the remainder when 12 is divided by p?
5
Suppose -2*v + 31 + 1 = 0